{"id":869,"date":"2024-04-21T16:35:44","date_gmt":"2024-04-21T19:35:44","guid":{"rendered":"https:\/\/parceriaeducativa.com.br\/?page_id=869"},"modified":"2024-04-21T17:15:41","modified_gmt":"2024-04-21T20:15:41","slug":"contato","status":"publish","type":"page","link":"https:\/\/parceriaeducativa.com.br\/index.php\/contato\/","title":{"rendered":"Envie uma mensagem"},"content":{"rendered":"<div class=\"wpforms-container wpforms-container-full wpforms-render-modern\" id=\"wpforms-875\"><form id=\"wpforms-form-875\" class=\"wpforms-validate wpforms-form wpforms-ajax-form\" data-formid=\"875\" method=\"post\" enctype=\"multipart\/form-data\" action=\"\/index.php\/wp-json\/wp\/v2\/pages\/869\" data-token=\"70f80436d208c10fbd968a730452378e\"><noscript class=\"wpforms-error-noscript\">Ative o JavaScript no seu navegador para preencher este formul\u00e1rio.<\/noscript><div class=\"wpforms-hidden\" id=\"wpforms-error-noscript\">Ative o JavaScript no seu navegador para preencher este formul\u00e1rio.<\/div><div class=\"wpforms-field-container\"><div id=\"wpforms-875-field_0-container\" class=\"wpforms-field wpforms-field-name\" data-field-id=\"0\"><fieldset><legend class=\"wpforms-field-label\">Nome <span class=\"wpforms-required-label\" aria-hidden=\"true\">*<\/span><\/legend><div class=\"wpforms-field-row wpforms-field-medium\"><div class=\"wpforms-field-row-block wpforms-first wpforms-one-half\"><input type=\"text\" id=\"wpforms-875-field_0\" class=\"wpforms-field-name-first wpforms-field-required\" name=\"wpforms[fields][0][first]\" aria-errormessage=\"wpforms-875-field_0-error\" required><label for=\"wpforms-875-field_0\" class=\"wpforms-field-sublabel after \">Nome<\/label><\/div><div class=\"wpforms-field-row-block wpforms-one-half\"><input type=\"text\" id=\"wpforms-875-field_0-last\" class=\"wpforms-field-name-last wpforms-field-required\" name=\"wpforms[fields][0][last]\" aria-errormessage=\"wpforms-875-field_0-last-error\" required><label for=\"wpforms-875-field_0-last\" class=\"wpforms-field-sublabel after \">Sobrenome<\/label><\/div><\/div><\/fieldset><\/div><div id=\"wpforms-875-field_1-container\" class=\"wpforms-field wpforms-field-email\" data-field-id=\"1\"><label class=\"wpforms-field-label\" for=\"wpforms-875-field_1\">E-mail <span class=\"wpforms-required-label\" aria-hidden=\"true\">*<\/span><\/label><input type=\"email\" id=\"wpforms-875-field_1\" class=\"wpforms-field-medium wpforms-field-required\" name=\"wpforms[fields][1]\" spellcheck=\"false\" aria-errormessage=\"wpforms-875-field_1-error\" required><\/div><div id=\"wpforms-875-field_2-container\" class=\"wpforms-field wpforms-field-textarea\" data-field-id=\"2\"><label class=\"wpforms-field-label\" for=\"wpforms-875-field_2\">Coment\u00e1rio ou Mensagem<\/label><textarea id=\"wpforms-875-field_2\" class=\"wpforms-field-medium\" name=\"wpforms[fields][2]\" aria-errormessage=\"wpforms-875-field_2-error\" ><\/textarea><\/div><\/div><!-- .wpforms-field-container --><div class=\"wpforms-submit-container\" ><input type=\"hidden\" name=\"wpforms[id]\" value=\"875\"><input type=\"hidden\" name=\"wpforms[author]\" value=\"1\"><button type=\"submit\" name=\"wpforms[submit]\" id=\"wpforms-submit-875\" class=\"wpforms-submit\" data-alt-text=\"Enviando\u2026\" data-submit-text=\"Enviar\" aria-live=\"assertive\" value=\"wpforms-submit\">Enviar<\/button><img loading=\"lazy\" decoding=\"async\" src=\"https:\/\/parceriaeducativa.com.br\/wp-content\/plugins\/wpforms-lite\/assets\/images\/submit-spin.svg\" class=\"wpforms-submit-spinner\" style=\"display: none;\" width=\"26\" height=\"26\" alt=\"Carregando\"><\/div><\/form><\/div>  <!-- .wpforms-container -->\n","protected":false},"excerpt":{"rendered":"","protected":false},"author":1,"featured_media":0,"parent":0,"menu_order":0,"comment_status":"closed","ping_status":"closed","template":"","meta":{"_kad_post_transparent":"default","_kad_post_title":"default","_kad_post_layout":"default","_kad_post_sidebar_id":"","_kad_post_content_style":"default","_kad_post_vertical_padding":"default","_kad_post_feature":"","_kad_post_feature_position":"","_kad_post_header":false,"_kad_post_footer":false,"footnotes":""},"yoast_head":"<!-- This site is optimized with the Yoast SEO plugin v22.3 - https:\/\/yoast.com\/wordpress\/plugins\/seo\/ -->\n<title>Envie uma mensagem -<\/title>\n<meta name=\"robots\" content=\"index, follow, max-snippet:-1, max-image-preview:large, max-video-preview:-1\" \/>\n<link rel=\"canonical\" href=\"https:\/\/parceriaeducativa.com.br\/index.php\/contato\/\" \/>\n<meta property=\"og:locale\" content=\"pt_BR\" \/>\n<meta property=\"og:type\" content=\"article\" \/>\n<meta property=\"og:title\" content=\"Envie uma mensagem -\" \/>\n<meta property=\"og:url\" content=\"https:\/\/parceriaeducativa.com.br\/index.php\/contato\/\" \/>\n<meta property=\"article:modified_time\" content=\"2024-04-21T20:15:41+00:00\" \/>\n<meta name=\"twitter:card\" content=\"summary_large_image\" \/>\n<meta name=\"twitter:label1\" content=\"Est. tempo de leitura\" \/>\n\t<meta name=\"twitter:data1\" content=\"1 minuto\" \/>\n<script type=\"application\/ld+json\" class=\"yoast-schema-graph\">{\"@context\":\"https:\/\/schema.org\",\"@graph\":[{\"@type\":\"WebPage\",\"@id\":\"https:\/\/parceriaeducativa.com.br\/index.php\/contato\/\",\"url\":\"https:\/\/parceriaeducativa.com.br\/index.php\/contato\/\",\"name\":\"Envie uma mensagem -\",\"isPartOf\":{\"@id\":\"https:\/\/parceriaeducativa.com.br\/#website\"},\"datePublished\":\"2024-04-21T19:35:44+00:00\",\"dateModified\":\"2024-04-21T20:15:41+00:00\",\"breadcrumb\":{\"@id\":\"https:\/\/parceriaeducativa.com.br\/index.php\/contato\/#breadcrumb\"},\"inLanguage\":\"pt-BR\",\"potentialAction\":[{\"@type\":\"ReadAction\",\"target\":[\"https:\/\/parceriaeducativa.com.br\/index.php\/contato\/\"]}]},{\"@type\":\"BreadcrumbList\",\"@id\":\"https:\/\/parceriaeducativa.com.br\/index.php\/contato\/#breadcrumb\",\"itemListElement\":[{\"@type\":\"ListItem\",\"position\":1,\"name\":\"In\u00edcio\",\"item\":\"https:\/\/parceriaeducativa.com.br\/\"},{\"@type\":\"ListItem\",\"position\":2,\"name\":\"Envie uma mensagem\"}]},{\"@type\":\"WebSite\",\"@id\":\"https:\/\/parceriaeducativa.com.br\/#website\",\"url\":\"https:\/\/parceriaeducativa.com.br\/\",\"name\":\"\",\"description\":\"Site com atividades para pais e professores, com dicas e metodologias que v\u00e3o envolver as crian\u00e7as na aprendizagem de forma simples e did\u00e1tica.\",\"potentialAction\":[{\"@type\":\"SearchAction\",\"target\":{\"@type\":\"EntryPoint\",\"urlTemplate\":\"https:\/\/parceriaeducativa.com.br\/?s={search_term_string}\"},\"query-input\":\"required name=search_term_string\"}],\"inLanguage\":\"pt-BR\"}]}<\/script>\n<!-- \/ Yoast SEO plugin. -->","yoast_head_json":{"title":"Envie uma mensagem -","robots":{"index":"index","follow":"follow","max-snippet":"max-snippet:-1","max-image-preview":"max-image-preview:large","max-video-preview":"max-video-preview:-1"},"canonical":"https:\/\/parceriaeducativa.com.br\/index.php\/contato\/","og_locale":"pt_BR","og_type":"article","og_title":"Envie uma mensagem -","og_url":"https:\/\/parceriaeducativa.com.br\/index.php\/contato\/","article_modified_time":"2024-04-21T20:15:41+00:00","twitter_card":"summary_large_image","twitter_misc":{"Est. tempo de leitura":"1 minuto"},"schema":{"@context":"https:\/\/schema.org","@graph":[{"@type":"WebPage","@id":"https:\/\/parceriaeducativa.com.br\/index.php\/contato\/","url":"https:\/\/parceriaeducativa.com.br\/index.php\/contato\/","name":"Envie uma mensagem -","isPartOf":{"@id":"https:\/\/parceriaeducativa.com.br\/#website"},"datePublished":"2024-04-21T19:35:44+00:00","dateModified":"2024-04-21T20:15:41+00:00","breadcrumb":{"@id":"https:\/\/parceriaeducativa.com.br\/index.php\/contato\/#breadcrumb"},"inLanguage":"pt-BR","potentialAction":[{"@type":"ReadAction","target":["https:\/\/parceriaeducativa.com.br\/index.php\/contato\/"]}]},{"@type":"BreadcrumbList","@id":"https:\/\/parceriaeducativa.com.br\/index.php\/contato\/#breadcrumb","itemListElement":[{"@type":"ListItem","position":1,"name":"In\u00edcio","item":"https:\/\/parceriaeducativa.com.br\/"},{"@type":"ListItem","position":2,"name":"Envie uma mensagem"}]},{"@type":"WebSite","@id":"https:\/\/parceriaeducativa.com.br\/#website","url":"https:\/\/parceriaeducativa.com.br\/","name":"","description":"Site com atividades para pais e professores, com dicas e metodologias que v\u00e3o envolver as crian\u00e7as na aprendizagem de forma simples e did\u00e1tica.","potentialAction":[{"@type":"SearchAction","target":{"@type":"EntryPoint","urlTemplate":"https:\/\/parceriaeducativa.com.br\/?s={search_term_string}"},"query-input":"required name=search_term_string"}],"inLanguage":"pt-BR"}]}},"_links":{"self":[{"href":"https:\/\/parceriaeducativa.com.br\/index.php\/wp-json\/wp\/v2\/pages\/869"}],"collection":[{"href":"https:\/\/parceriaeducativa.com.br\/index.php\/wp-json\/wp\/v2\/pages"}],"about":[{"href":"https:\/\/parceriaeducativa.com.br\/index.php\/wp-json\/wp\/v2\/types\/page"}],"author":[{"embeddable":true,"href":"https:\/\/parceriaeducativa.com.br\/index.php\/wp-json\/wp\/v2\/users\/1"}],"replies":[{"embeddable":true,"href":"https:\/\/parceriaeducativa.com.br\/index.php\/wp-json\/wp\/v2\/comments?post=869"}],"version-history":[{"count":4,"href":"https:\/\/parceriaeducativa.com.br\/index.php\/wp-json\/wp\/v2\/pages\/869\/revisions"}],"predecessor-version":[{"id":879,"href":"https:\/\/parceriaeducativa.com.br\/index.php\/wp-json\/wp\/v2\/pages\/869\/revisions\/879"}],"wp:attachment":[{"href":"https:\/\/parceriaeducativa.com.br\/index.php\/wp-json\/wp\/v2\/media?parent=869"}],"curies":[{"name":"wp","href":"https:\/\/api.w.org\/{rel}","templated":true}]}}